 + 301. Calculate the greatest common factor of g and r.
11
Let f be 6/(-15) + (-28)/(-20). Let q be (-8 + 19)/(f/3). What is the greatest common divisor of q and 22?
11
Suppose 2*k = 7*k - 5*f + 65, 2*f = -k - 25. Let r = -10 - k. Suppose 0 = -0*x + 2*x - 56. Calculate the highest common factor of x and r.
7
Suppose -2*r - 17 = -3*n, -4*r = -n - 4*n + 27. What is the highest common factor of 21 and n?
7
Let h(r) = 2*r - 2. Let p be h(4). Let t be 140/8 + 3/p. What is the greatest common factor of t and 144?
18
Let w be (-2 - -4)*10*14/5. Suppose -j + q = 2 - 16, 56 = 4*j + q. Calculate the greatest common divisor of j and w.
14
Suppose 4 + 38 = 3*r. What is the greatest common divisor of r and 56?
14
Let f be -1 + 3/((-9)/(-39)). What is the highest common divisor of 12 and f?
12
Let v be ((-24)/(-2))/(15/(-10)). Let c be v/((12/(-21))/4). Calculate the highest common factor of c and 14.
14
Let v(b) = b**3 + 16*b**2 + 31*b + 14. Let s be v(-6). Calculate the greatest common divisor of s and 47.
47
Suppose 198 + 306 = 2*n. Calculate the highest common factor of 28 and n.
28
Let s = -9 - -27. Let d(v) be the second derivative of v**4/3 + v**3/6 - v**2 + 2*v. Let k be d(-2). Calculate the greatest common factor of k and s.
6
Let a be (1/(-2))/(1/(-2)). Let w(r) be the first derivative of r**3/3 - r**2/2 - 5*r + 7. Let q be w(4). What is the greatest common factor of q and a?
1
Let o(z) = -4 + 1 + 2 + 14*z. Let j be o(1). Let d = 96 + -31. Calculate the greatest common factor of d and j.
13
Suppose 440 = 12*s - s. Let m be 15 + -1 + 2/1. What is the highest common divisor of m and s?
8
Suppose -2*t + 5*k = 34, -6*t = -t + k + 58. Let r be (4/t)/(2/(-36)). What is the greatest common factor of 30 and r?
6
Suppose 5*j = 5 - 0. Suppose 0*s - 72 = -3*s. Suppose 3*d - 3*v - s = -4*v, d + v - 10 = 0. What is the greatest common factor of d and j?
1
Suppose 0 = -9*u + 3*u + 78. What is the highest common divisor of u and 52?
13
Let n(j) = 2*j**2 + 2*j. Let q be n(-2). Suppose -57 = -q*x + 3. What is the highest common factor of 30 and x?
15
Suppose 4*n = -1 - 7. Let a be 132/(-15)*85/n. What is the greatest common divisor of a and 34?
34
Let v be 2*1*(-9)/(-2). Let w be 394/4 + -6*6/(-72). Calculate the greatest common divisor of v and w.
9
Let t(j) = 4*j**3 - 3*j**3 + 3*j + 2 + 0*j**2 - 4*j**2 - 11*j. Let u be t(6). Calculate the greatest common divisor of u and 65.
13
Let f be 2/12 + 560/96. Calculate the greatest common divisor of f and 6.
6
Let s = 46 + -37. Calculate the greatest common factor of s and 63.
9
Suppose 0 - 30 = -4*h + 2*w, 5*w + 45 = 5*h. Let m(k) = 5*k**2 + 1. Let x be m(-1). Calculate the greatest common divisor of x and h.
6
Let a(h) = 50*h**2. Let s be a(-1). Let f = s - 30. What is the highest common factor of f and 4?
4
Suppose 91*x - 90*x = 22. What is the highest common divisor of x and 2?
2
Let x be 108/6*1/2. Let m = 102 - 39. What is the greatest common divisor of x and m?
9
Let y(r) = -156*r - 2. Let v be y(-1). What is the highest common factor of 14 and v?
14
Let i(a) = -a**3 + 4*a**2 - 2*a + 2. Let v = -7 - -10. Let h be i(v). Suppose 9 = h*m - 31. What is the greatest common divisor of 4 and m?
4
Let l(y) = -y**3 - 2*y**2 - 3*y - 3. Let o be l(-2). Let k = 1 + -1. Let p(h) = -h**3 - h**2 + 9. Let d be p(k). What is the highest common factor of d and o?
3
Suppose 3*j = 5*v - 55, -3*v - 5*j + 6*j = -33. Suppose 65 = u - 2*a, 105 = 2*u - 0*u + a. What is the highest common divisor of u and v?
11
Suppose 2*l + 2*v - 21 - 11 = 0, 2*v + 13 = l. What is the greatest common factor of 75 and l?
15
Let u be (-126 + -6)/(-3)*2/8. Let p be 7/5 + 2/(-5). Calculate the greatest common factor of u and p.
1
Suppose -q = 4*q + 5*c + 10, -6 = -q + 3*c. Suppose -s - 7 = -z, q = -4*z - 2*s + 15 + 13. Calculate the greatest common divisor of z and 1.
1
Suppose -4*h + h = -138. Suppose a = 6*a - 20. Suppose a*r = h + 2. What is the highest common factor of r and 12?
12
Let s = 1 - -4. Let a(m) = m**3 - 5*m**2 - 8*m + 2. Let c be a(6). Let r be (-2)/c + (-198)/(-10). What is the greatest common factor of s and r?
5
Let s(r) be the second derivative of r**4/12 + 2*r**3/3 + r**2/2 - 3*r. Let g be s(-7). Let h = g + -14. Calculate the greatest common divisor of 20 and h.
4
Let w be 8/(-44) + 2/11. Suppose w = -z - 5*g + 23, 3*g - 5*g - 1 = -3*z. Calculate the greatest common factor of z and 21.
3
Let x be (3 - -4) + (0 - -1). Suppose -k - 17 - 35 = 3*b, b - 44 = k. Let o = -22 - k. Calculate the highest common factor of x and o.
8
Let t(c) = -3*c - 6. Let k be t(-9). Let p = k - 15. Let v = 3 + 9. Calculate the highest common divisor of p and v.
6
Let z = -4 + 6. Suppose z*u = -46 + 206. Calculate the highest common divisor of 10 and u.
10
Let v be 60/(-18)*(-6)/5. Suppose 6*q = 2*q + 2*w + 72, 0 = q + v*w. Calculate the highest common divisor of 48 and q.
16
Let s = 10 - 2. Calculate the highest common factor of s and 8.
8
Suppose 5 = 5*i - 5*m, 5*i - 3*m + 5*m = 5. Let r = 23 + -14. What is the greatest common factor of i and r?
1
Suppose 4 = 2*v - 24. What is the highest common divisor of 154 and v?
14
Let y = 18 + -6. Let c be 4/6 - (-52)/y. Let g(m) = 6*m - 1. Let k be g(6). Calculate the greatest common divisor of k and c.
5
Let f = 62 - 30. Calculate the greatest common factor of f and 256.
32
Suppose 5*k - 100 = -5*k. What is the highest common divisor of k and 25?
5
Let x(q) = -q**3 + 9*q**2 - 9*q. Let i be x(8). Let y be 15*i/(-18)*3. What is the highest common factor of 5 and y?
5
Suppose 2*d = 78 - 12. Suppose 0*a - a = 0. Suppose 0 = t - a*t - 11. What is the highest common factor of d and t?
11
Let y = -1 + 0. Let j = -1 + y. Let k(a) = -a + 2. Let o be k(j). What is the greatest common factor of o and 4?
4
Suppose -5*l - 30 = -3*n, 0*l - 4 = n + 3*l. Suppose p = c - 3 + 1, 10 = p + 5*c. Suppose p = -o - 11 + 31. Calculate the greatest common divisor of o and n.
5
Let a be (-1)/(-3) + 1075/15. Let h = -12 + 22. Let s = 34 - h. Calculate the highest common divisor of s and a.
24
Let n(z) = -z**2 + 5*z - 3. Let o be n(2). Let v(s) = 3*s**2 - 3. Let w be v(o). Calculate the highest common divisor of w and 48.
24
Let o be -2 - (-2 - 4*2). Let b(k) = k**3 + 13*k**2 - 8*k - 16. Let v be b(-13). Calculate the greatest common factor of v and o.
8
Suppose 0 = 28*x - 31*x + 3. What is the highest common divisor of 3 and x?
1
Let q be 5 + -3 + 4 + 0. Suppose 2*r - 96 - q = 0. Let v = 104 + -70. Calculate the highest common factor of v and r.
17
Suppose 35 = -4*f + 3*y, 4*y = 5*f + 19 + 25. Let s = f - -12. Suppose -3*z = 4*i - 33, 2*i + 3*z = s*z + 9. What is the greatest common divisor of i and 15?
3
Let l(s) = -s**2 - 10*s - 9. Let w be l(-6). Let o(c) = 10*c - 105. Let p be o(11). What is the highest common factor of w and p?
5
Let q(t) be the second derivative of t**4/6 + 3*t**2/2 + 4*t. Let r be q(-3). Calculate the greatest common divisor of 14 and r.
7
Let r(a) = 18*a**2 - 2*a - 7. Let z(q) = 54*q**2 - 6*q - 20. Let b(t) = -17*r(t) + 6*z(t). Let g be b(-2). Calculate the highest common factor of 15 and g.
15
Let t(z) = z**3 + 7*z**2 - z + 7. Let v be t(-7). Let x = 67 - 46. Calculate the highest common divisor of v and x.
7
Suppose -4*t + 2*a = -30, -11*t + 8*t + 2*a + 22 = 0. Let u(p) = -17*p - 1. Let o be u(-1). What is the highest common divisor of t and o?
8
Let r(g) = g**2 + 5*g + 8. Let q be r(-6). What is the greatest common divisor of q and 21?
7
Let i = -4 + 6. Suppose -5*a = 2*b, 5*b - 2*b - i*a = 0. Suppose b = -3*j + 2 + 13. Calculate the highest common divisor of 20 and j.
5
Suppose 5*p = 270 + 90. What is the greatest common factor of 180 and p?
36
Let b(i) = i**2 - 12*i - 22. Let y be b(14). What is the greatest common divisor of 24 and y?
6
Let w(r) = -r**2 - r + 5. Let q = 0 + 0. Let p be w(q). Suppose -2*l - 12 = -p*g - 49, -3*g = -l + 19. Calculate the highest common divisor of 4 and l.
4
Let v(k) = -k**3 + k**2 - 2*k + 1. Let q be v(-2). Calculate the greatest common factor of 17 and q.
17
Let l(o) = -1. Let b(d) = 3*d**2 + d + 5. Let x(a) = b(a) + 3*l(a). Let v be x(-2). What is the highest common divisor of v and 4?
4
Let y be (2/(-26))/(59/(-767)). Let p(z) = z**3 - 3*z + 1. Let s be p(2). What is the great